{"id":151,"date":"2026-03-10T13:58:55","date_gmt":"2026-03-10T12:58:55","guid":{"rendered":"https:\/\/bclara.eleves.mediamatique.ch\/wordpress\/?page_id=151"},"modified":"2026-03-12T15:58:13","modified_gmt":"2026-03-12T14:58:13","slug":"accueil","status":"publish","type":"page","link":"https:\/\/bclara.eleves.mediamatique.ch\/wordpress\/","title":{"rendered":"Accueil"},"content":{"rendered":"\t\t<div data-elementor-type=\"wp-page\" data-elementor-id=\"151\" class=\"elementor elementor-151\" data-elementor-post-type=\"page\">\n\t\t\t\t<div class=\"elementor-element elementor-element-2116079 e-flex e-con-boxed e-con e-parent\" data-id=\"2116079\" data-element_type=\"container\" data-e-type=\"container\" data-settings=\"{&quot;background_background&quot;:&quot;classic&quot;}\">\n\t\t\t\t\t<div class=\"e-con-inner\">\n\t\t\t\t\t\t\t<h2 \n\t\tdata-interaction-id=\"83368e4\" \n\t\tclass=\"e-83368e4-0306e5f e-heading-base\" \n\t\t \n\t\tdata-e-type=\"widget\" data-id=\"83368e4\"\n\t\t    data-interactions=\"&#x5B;&quot;load-fade-in-bottom-400-0-0-viewport-15-85&quot;&#x5D;\"\n\t>\n\t\n\t\t\tAssociation Musique &amp; Danse de Cormeilles\n\t\t<\/h2>\n\t\t\t\t\t<\/div>\n\t\t\t\t<\/div>\n\t\t<div class=\"elementor-element elementor-element-648f22b e-flex e-con-boxed e-con e-parent\" data-id=\"648f22b\" data-element_type=\"container\" data-e-type=\"container\">\n\t\t\t\t\t<div class=\"e-con-inner\">\n\t\t\t\t\t\n<hr class=\"e-c3855db-1366f51 e-divider-base\" data-interaction-id=\"c3855db\" data-interactions=\"&#x5B;&#x5D;\"  data-e-type=\"widget\" data-id=\"c3855db\" \/>\n\t\t\t\t\t\t\t\t<p class=\"e-1309269-f8abb7f e-paragraph-base\" data-interaction-id=\"1309269\" data-interactions=\"&#x5B;&#x5D;\"  data-e-type=\"widget\" data-id=\"1309269\">\n\t\t\t\t\t\t\t\tL\u2019Association Musique &amp; Danse de Cormeilles propose des cours depuis 1985. Elle a d\u00e9marr\u00e9 dans l'ancienne biblioth\u00e8que de Cormeilles avec des cours de piano et de guitare pendant plusieurs ann\u00e9es, ensuite un cours de danse s'est&nbsp;cr\u00e9\u00e9... <br>Puis l'\u00e9cole a d\u00e9m\u00e9nag\u00e9 dans le th\u00e9\u00e2tre de Cormeilles et les diff\u00e9rents cours se&nbsp;sont mis en place d'ann\u00e9e en ann\u00e9e gr\u00e2ce \u00e0 de nombreux b\u00e9n\u00e9voles et personnes investies que nous remercions.\n\t\t\t\t\t<\/p>\n\t\t\t\t\t<\/div>\n\t\t\t\t<\/div>\n\t\t<div class=\"elementor-element elementor-element-3e36fd3 e-flex e-con-boxed e-con e-parent\" data-id=\"3e36fd3\" data-element_type=\"container\" data-e-type=\"container\">\n\t\t\t\t\t<div class=\"e-con-inner\">\n\t\t\t\t\t\t\t\t<p class=\"e-686bb3e-9ed7ca9 e-paragraph-base\" data-interaction-id=\"686bb3e\" data-interactions=\"&#x5B;&#x5D;\"  data-e-type=\"widget\" data-id=\"686bb3e\">\n\t\t\t\t\t\t\t\tNotre \u00e9cole associative permet aux enfants et aux adultes de d\u00e9couvrir et pratiquer la musique et la danse dans une ambiance conviviale.\n\t\t\t\t\t<\/p>\n\t\t\t\t\t<\/div>\n\t\t\t\t<\/div>\n\t\t<div class=\"elementor-element elementor-element-c2a77d2 e-flex e-con-boxed e-con e-parent\" data-id=\"c2a77d2\" data-element_type=\"container\" data-e-type=\"container\">\n\t\t\t\t\t<div class=\"e-con-inner\">\n\t\t\t\t\t<\/div>\n\t\t\t\t<\/div>\n\t\t<div class=\"elementor-element elementor-element-d576bc8 e-flex e-con-boxed e-con e-parent\" data-id=\"d576bc8\" data-element_type=\"container\" data-e-type=\"container\">\n\t\t\t\t\t<div class=\"e-con-inner\">\n\t\t\t\t\t\t\t\t<p class=\"e-0a7fb2f-6a4e71c e-paragraph-base\" data-interaction-id=\"0a7fb2f\" data-interactions=\"&#x5B;&#x5D;\"  data-e-type=\"widget\" data-id=\"0a7fb2f\">\n\t\t\t\t\t\t\t\tL\u2019association fonctionne gr\u00e2ce \u00e0 l\u2019engagement de b\u00e9n\u00e9voles qui souhaitent partager la passion de la musique et de la danse. Les membres actuels du bureau sont Aukje Turmel et Yves Turmel.\n\t\t\t\t\t<\/p>\n\t\t\t\t\t<\/div>\n\t\t\t\t<\/div>\n\t\t\t\t<\/div>\n\t\t","protected":false},"excerpt":{"rendered":"<p>Association Musique &amp; Danse de Cormeilles L\u2019Association Musique &amp; Danse de Cormeilles propose des cours depuis 1985. Elle a d\u00e9marr\u00e9 dans l&rsquo;ancienne biblioth\u00e8que de Cormeilles avec des cours de piano et de guitare pendant plusieurs ann\u00e9es, ensuite un cours de danse s&rsquo;est&nbsp;cr\u00e9\u00e9&#8230; Puis l&rsquo;\u00e9cole a d\u00e9m\u00e9nag\u00e9 dans le th\u00e9\u00e2tre de Cormeilles et les diff\u00e9rents cours [&hellip;]<\/p>\n","protected":false},"author":1,"featured_media":0,"parent":0,"menu_order":0,"comment_status":"closed","ping_status":"closed","template":"","meta":{"footnotes":""},"class_list":["post-151","page","type-page","status-publish","hentry"],"yoast_head":"<!-- This site is optimized with the Yoast SEO plugin v27.1.1 - https:\/\/yoast.com\/product\/yoast-seo-wordpress\/ -->\n<title>Accueil - Exercice Wordpress<\/title>\n<meta name=\"robots\" content=\"noindex, follow, max-snippet:-1, max-image-preview:large, max-video-preview:-1\" \/>\n<meta property=\"og:locale\" content=\"fr_FR\" \/>\n<meta property=\"og:type\" content=\"article\" \/>\n<meta property=\"og:title\" content=\"Accueil - Exercice Wordpress\" \/>\n<meta property=\"og:description\" content=\"Association Musique &amp; Danse de Cormeilles L\u2019Association Musique &amp; Danse de Cormeilles propose des cours depuis 1985. Elle a d\u00e9marr\u00e9 dans l&rsquo;ancienne biblioth\u00e8que de Cormeilles avec des cours de piano et de guitare pendant plusieurs ann\u00e9es, ensuite un cours de danse s&rsquo;est&nbsp;cr\u00e9\u00e9&#8230; Puis l&rsquo;\u00e9cole a d\u00e9m\u00e9nag\u00e9 dans le th\u00e9\u00e2tre de Cormeilles et les diff\u00e9rents cours [&hellip;]\" \/>\n<meta property=\"og:url\" content=\"https:\/\/bclara.eleves.mediamatique.ch\/wordpress\/\" \/>\n<meta property=\"og:site_name\" content=\"Exercice Wordpress\" \/>\n<meta property=\"article:modified_time\" content=\"2026-03-12T14:58:13+00:00\" \/>\n<meta name=\"twitter:card\" content=\"summary_large_image\" \/>\n<meta name=\"twitter:label1\" content=\"Dur\u00e9e de lecture estim\u00e9e\" \/>\n\t<meta name=\"twitter:data1\" content=\"1 minute\" \/>\n<script type=\"application\/ld+json\" class=\"yoast-schema-graph\">{\"@context\":\"https:\/\/schema.org\",\"@graph\":[{\"@type\":\"WebPage\",\"@id\":\"https:\/\/bclara.eleves.mediamatique.ch\/wordpress\/\",\"url\":\"https:\/\/bclara.eleves.mediamatique.ch\/wordpress\/\",\"name\":\"Accueil - Exercice Wordpress\",\"isPartOf\":{\"@id\":\"https:\/\/bclara.eleves.mediamatique.ch\/wordpress\/#website\"},\"datePublished\":\"2026-03-10T12:58:55+00:00\",\"dateModified\":\"2026-03-12T14:58:13+00:00\",\"breadcrumb\":{\"@id\":\"https:\/\/bclara.eleves.mediamatique.ch\/wordpress\/#breadcrumb\"},\"inLanguage\":\"fr-FR\",\"potentialAction\":[{\"@type\":\"ReadAction\",\"target\":[\"https:\/\/bclara.eleves.mediamatique.ch\/wordpress\/\"]}]},{\"@type\":\"BreadcrumbList\",\"@id\":\"https:\/\/bclara.eleves.mediamatique.ch\/wordpress\/#breadcrumb\",\"itemListElement\":[{\"@type\":\"ListItem\",\"position\":1,\"name\":\"Accueil\",\"item\":\"https:\/\/bclara.eleves.mediamatique.ch\/wordpress\/\"},{\"@type\":\"ListItem\",\"position\":2,\"name\":\"Accueil\"}]},{\"@type\":\"WebSite\",\"@id\":\"https:\/\/bclara.eleves.mediamatique.ch\/wordpress\/#website\",\"url\":\"https:\/\/bclara.eleves.mediamatique.ch\/wordpress\/\",\"name\":\"Association Musique et danse Cormeilles\",\"description\":\"\",\"publisher\":{\"@id\":\"https:\/\/bclara.eleves.mediamatique.ch\/wordpress\/#organization\"},\"potentialAction\":[{\"@type\":\"SearchAction\",\"target\":{\"@type\":\"EntryPoint\",\"urlTemplate\":\"https:\/\/bclara.eleves.mediamatique.ch\/wordpress\/?s={search_term_string}\"},\"query-input\":{\"@type\":\"PropertyValueSpecification\",\"valueRequired\":true,\"valueName\":\"search_term_string\"}}],\"inLanguage\":\"fr-FR\"},{\"@type\":\"Organization\",\"@id\":\"https:\/\/bclara.eleves.mediamatique.ch\/wordpress\/#organization\",\"name\":\"Association Musique et danse Cormeilles\",\"url\":\"https:\/\/bclara.eleves.mediamatique.ch\/wordpress\/\",\"logo\":{\"@type\":\"ImageObject\",\"inLanguage\":\"fr-FR\",\"@id\":\"https:\/\/bclara.eleves.mediamatique.ch\/wordpress\/#\/schema\/logo\/image\/\",\"url\":\"https:\/\/bclara.eleves.mediamatique.ch\/wordpress\/wp-content\/uploads\/2026\/03\/logo-Cormeilles-couleurs-13.png\",\"contentUrl\":\"https:\/\/bclara.eleves.mediamatique.ch\/wordpress\/wp-content\/uploads\/2026\/03\/logo-Cormeilles-couleurs-13.png\",\"width\":1712,\"height\":1912,\"caption\":\"Association Musique et danse Cormeilles\"},\"image\":{\"@id\":\"https:\/\/bclara.eleves.mediamatique.ch\/wordpress\/#\/schema\/logo\/image\/\"}}]}<\/script>\n<!-- \/ Yoast SEO plugin. -->","yoast_head_json":{"title":"Accueil - Exercice Wordpress","robots":{"index":"noindex","follow":"follow","max-snippet":"max-snippet:-1","max-image-preview":"max-image-preview:large","max-video-preview":"max-video-preview:-1"},"og_locale":"fr_FR","og_type":"article","og_title":"Accueil - Exercice Wordpress","og_description":"Association Musique &amp; Danse de Cormeilles L\u2019Association Musique &amp; Danse de Cormeilles propose des cours depuis 1985. Elle a d\u00e9marr\u00e9 dans l&rsquo;ancienne biblioth\u00e8que de Cormeilles avec des cours de piano et de guitare pendant plusieurs ann\u00e9es, ensuite un cours de danse s&rsquo;est&nbsp;cr\u00e9\u00e9&#8230; Puis l&rsquo;\u00e9cole a d\u00e9m\u00e9nag\u00e9 dans le th\u00e9\u00e2tre de Cormeilles et les diff\u00e9rents cours [&hellip;]","og_url":"https:\/\/bclara.eleves.mediamatique.ch\/wordpress\/","og_site_name":"Exercice Wordpress","article_modified_time":"2026-03-12T14:58:13+00:00","twitter_card":"summary_large_image","twitter_misc":{"Dur\u00e9e de lecture estim\u00e9e":"1 minute"},"schema":{"@context":"https:\/\/schema.org","@graph":[{"@type":"WebPage","@id":"https:\/\/bclara.eleves.mediamatique.ch\/wordpress\/","url":"https:\/\/bclara.eleves.mediamatique.ch\/wordpress\/","name":"Accueil - Exercice Wordpress","isPartOf":{"@id":"https:\/\/bclara.eleves.mediamatique.ch\/wordpress\/#website"},"datePublished":"2026-03-10T12:58:55+00:00","dateModified":"2026-03-12T14:58:13+00:00","breadcrumb":{"@id":"https:\/\/bclara.eleves.mediamatique.ch\/wordpress\/#breadcrumb"},"inLanguage":"fr-FR","potentialAction":[{"@type":"ReadAction","target":["https:\/\/bclara.eleves.mediamatique.ch\/wordpress\/"]}]},{"@type":"BreadcrumbList","@id":"https:\/\/bclara.eleves.mediamatique.ch\/wordpress\/#breadcrumb","itemListElement":[{"@type":"ListItem","position":1,"name":"Accueil","item":"https:\/\/bclara.eleves.mediamatique.ch\/wordpress\/"},{"@type":"ListItem","position":2,"name":"Accueil"}]},{"@type":"WebSite","@id":"https:\/\/bclara.eleves.mediamatique.ch\/wordpress\/#website","url":"https:\/\/bclara.eleves.mediamatique.ch\/wordpress\/","name":"Association Musique et danse Cormeilles","description":"","publisher":{"@id":"https:\/\/bclara.eleves.mediamatique.ch\/wordpress\/#organization"},"potentialAction":[{"@type":"SearchAction","target":{"@type":"EntryPoint","urlTemplate":"https:\/\/bclara.eleves.mediamatique.ch\/wordpress\/?s={search_term_string}"},"query-input":{"@type":"PropertyValueSpecification","valueRequired":true,"valueName":"search_term_string"}}],"inLanguage":"fr-FR"},{"@type":"Organization","@id":"https:\/\/bclara.eleves.mediamatique.ch\/wordpress\/#organization","name":"Association Musique et danse Cormeilles","url":"https:\/\/bclara.eleves.mediamatique.ch\/wordpress\/","logo":{"@type":"ImageObject","inLanguage":"fr-FR","@id":"https:\/\/bclara.eleves.mediamatique.ch\/wordpress\/#\/schema\/logo\/image\/","url":"https:\/\/bclara.eleves.mediamatique.ch\/wordpress\/wp-content\/uploads\/2026\/03\/logo-Cormeilles-couleurs-13.png","contentUrl":"https:\/\/bclara.eleves.mediamatique.ch\/wordpress\/wp-content\/uploads\/2026\/03\/logo-Cormeilles-couleurs-13.png","width":1712,"height":1912,"caption":"Association Musique et danse Cormeilles"},"image":{"@id":"https:\/\/bclara.eleves.mediamatique.ch\/wordpress\/#\/schema\/logo\/image\/"}}]}},"_links":{"self":[{"href":"https:\/\/bclara.eleves.mediamatique.ch\/wordpress\/wp-json\/wp\/v2\/pages\/151","targetHints":{"allow":["GET"]}}],"collection":[{"href":"https:\/\/bclara.eleves.mediamatique.ch\/wordpress\/wp-json\/wp\/v2\/pages"}],"about":[{"href":"https:\/\/bclara.eleves.mediamatique.ch\/wordpress\/wp-json\/wp\/v2\/types\/page"}],"author":[{"embeddable":true,"href":"https:\/\/bclara.eleves.mediamatique.ch\/wordpress\/wp-json\/wp\/v2\/users\/1"}],"replies":[{"embeddable":true,"href":"https:\/\/bclara.eleves.mediamatique.ch\/wordpress\/wp-json\/wp\/v2\/comments?post=151"}],"version-history":[{"count":272,"href":"https:\/\/bclara.eleves.mediamatique.ch\/wordpress\/wp-json\/wp\/v2\/pages\/151\/revisions"}],"predecessor-version":[{"id":940,"href":"https:\/\/bclara.eleves.mediamatique.ch\/wordpress\/wp-json\/wp\/v2\/pages\/151\/revisions\/940"}],"wp:attachment":[{"href":"https:\/\/bclara.eleves.mediamatique.ch\/wordpress\/wp-json\/wp\/v2\/media?parent=151"}],"curies":[{"name":"wp","href":"https:\/\/api.w.org\/{rel}","templated":true}]}}

<div data-elementor-type="wp-page" data-elementor-id="151" class="elementor elementor-151" data-elementor-post-type="page">
				<div class="elementor-element elementor-element-2116079 e-flex e-con-boxed e-con e-parent" data-id="2116079" data-element_type="container" data-e-type="container" data-settings="{&quot;background_background&quot;:&quot;classic&quot;}">
					<div class="e-con-inner">
							<h2 
		data-interaction-id="83368e4" 
		class="e-83368e4-0306e5f e-heading-base" 
		 
		data-e-type="widget" data-id="83368e4"
		    data-interactions="&#x5B;&quot;load-fade-in-bottom-400-0-0-viewport-15-85&quot;&#x5D;"
	>
	
			Association Musique &amp; Danse de Cormeilles
		</h2>
					</div>
				</div>
		<div class="elementor-element elementor-element-648f22b e-flex e-con-boxed e-con e-parent" data-id="648f22b" data-element_type="container" data-e-type="container">
					<div class="e-con-inner">
					
<hr class="e-c3855db-1366f51 e-divider-base" data-interaction-id="c3855db" data-interactions="&#x5B;&#x5D;"  data-e-type="widget" data-id="c3855db" />
								<p class="e-1309269-f8abb7f e-paragraph-base" data-interaction-id="1309269" data-interactions="&#x5B;&#x5D;"  data-e-type="widget" data-id="1309269">
								L’Association Musique &amp; Danse de Cormeilles propose des cours depuis 1985. Elle a démarré dans l'ancienne bibliothèque de Cormeilles avec des cours de piano et de guitare pendant plusieurs années, ensuite un cours de danse s'est&nbsp;créé... <br>Puis l'école a déménagé dans le théâtre de Cormeilles et les différents cours se&nbsp;sont mis en place d'année en année grâce à de nombreux bénévoles et personnes investies que nous remercions.
					</p>
					</div>
				</div>
		<div class="elementor-element elementor-element-3e36fd3 e-flex e-con-boxed e-con e-parent" data-id="3e36fd3" data-element_type="container" data-e-type="container">
					<div class="e-con-inner">
								<p class="e-686bb3e-9ed7ca9 e-paragraph-base" data-interaction-id="686bb3e" data-interactions="&#x5B;&#x5D;"  data-e-type="widget" data-id="686bb3e">
								Notre école associative permet aux enfants et aux adultes de découvrir et pratiquer la musique et la danse dans une ambiance conviviale.
					</p>
					</div>
				</div>
		<div class="elementor-element elementor-element-c2a77d2 e-flex e-con-boxed e-con e-parent" data-id="c2a77d2" data-element_type="container" data-e-type="container">
					<div class="e-con-inner">
					</div>
				</div>
		<div class="elementor-element elementor-element-d576bc8 e-flex e-con-boxed e-con e-parent" data-id="d576bc8" data-element_type="container" data-e-type="container">
					<div class="e-con-inner">
								<p class="e-0a7fb2f-6a4e71c e-paragraph-base" data-interaction-id="0a7fb2f" data-interactions="&#x5B;&#x5D;"  data-e-type="widget" data-id="0a7fb2f">
								L’association fonctionne grâce à l’engagement de bénévoles qui souhaitent partager la passion de la musique et de la danse. Les membres actuels du bureau sont Aukje Turmel et Yves Turmel.
					</p>
					</div>
				</div>
				</div>

<p>Association Musique &amp; Danse de Cormeilles L’Association Musique &amp; Danse de Cormeilles propose des cours depuis 1985. Elle a démarré dans l&rsquo;ancienne bibliothèque de Cormeilles avec des cours de piano et de guitare pendant plusieurs années, ensuite un cours de danse s&rsquo;est&nbsp;créé&#8230; Puis l&rsquo;école a déménagé dans le théâtre de Cormeilles et les différents cours [&hellip;]</p>

<!-- This site is optimized with the Yoast SEO plugin v27.1.1 - https://yoast.com/product/yoast-seo-wordpress/ -->
<title>Accueil - Exercice Wordpress</title>
<meta name="robots" content="noindex, follow, max-snippet:-1, max-image-preview:large, max-video-preview:-1" />
<meta property="og:locale" content="fr_FR" />
<meta property="og:type" content="article" />
<meta property="og:title" content="Accueil - Exercice Wordpress" />
<meta property="og:description" content="Association Musique &amp; Danse de Cormeilles L’Association Musique &amp; Danse de Cormeilles propose des cours depuis 1985. Elle a démarré dans l&rsquo;ancienne bibliothèque de Cormeilles avec des cours de piano et de guitare pendant plusieurs années, ensuite un cours de danse s&rsquo;est&nbsp;créé&#8230; Puis l&rsquo;école a déménagé dans le théâtre de Cormeilles et les différents cours [&hellip;]" />
<meta property="og:url" content="https://bclara.eleves.mediamatique.ch/wordpress/" />
<meta property="og:site_name" content="Exercice Wordpress" />
<meta property="article:modified_time" content="2026-03-12T14:58:13+00:00" />
<meta name="twitter:card" content="summary_large_image" />
<meta name="twitter:label1" content="Durée de lecture estimée" />
	<meta name="twitter:data1" content="1 minute" />
<script type="application/ld+json" class="yoast-schema-graph">{"@context":"https://schema.org","@graph":[{"@type":"WebPage","@id":"https://bclara.eleves.mediamatique.ch/wordpress/","url":"https://bclara.eleves.mediamatique.ch/wordpress/","name":"Accueil - Exercice Wordpress","isPartOf":{"@id":"https://bclara.eleves.mediamatique.ch/wordpress/#website"},"datePublished":"2026-03-10T12:58:55+00:00","dateModified":"2026-03-12T14:58:13+00:00","breadcrumb":{"@id":"https://bclara.eleves.mediamatique.ch/wordpress/#breadcrumb"},"inLanguage":"fr-FR","potentialAction":[{"@type":"ReadAction","target":["https://bclara.eleves.mediamatique.ch/wordpress/"]}]},{"@type":"BreadcrumbList","@id":"https://bclara.eleves.mediamatique.ch/wordpress/#breadcrumb","itemListElement":[{"@type":"ListItem","position":1,"name":"Accueil","item":"https://bclara.eleves.mediamatique.ch/wordpress/"},{"@type":"ListItem","position":2,"name":"Accueil"}]},{"@type":"WebSite","@id":"https://bclara.eleves.mediamatique.ch/wordpress/#website","url":"https://bclara.eleves.mediamatique.ch/wordpress/","name":"Association Musique et danse Cormeilles","description":"","publisher":{"@id":"https://bclara.eleves.mediamatique.ch/wordpress/#organization"},"potentialAction":[{"@type":"SearchAction","target":{"@type":"EntryPoint","urlTemplate":"https://bclara.eleves.mediamatique.ch/wordpress/?s={search_term_string}"},"query-input":{"@type":"PropertyValueSpecification","valueRequired":true,"valueName":"search_term_string"}}],"inLanguage":"fr-FR"},{"@type":"Organization","@id":"https://bclara.eleves.mediamatique.ch/wordpress/#organization","name":"Association Musique et danse Cormeilles","url":"https://bclara.eleves.mediamatique.ch/wordpress/","logo":{"@type":"ImageObject","inLanguage":"fr-FR","@id":"https://bclara.eleves.mediamatique.ch/wordpress/#/schema/logo/image/","url":"https://bclara.eleves.mediamatique.ch/wordpress/wp-content/uploads/2026/03/logo-Cormeilles-couleurs-13.png","contentUrl":"https://bclara.eleves.mediamatique.ch/wordpress/wp-content/uploads/2026/03/logo-Cormeilles-couleurs-13.png","width":1712,"height":1912,"caption":"Association Musique et danse Cormeilles"},"image":{"@id":"https://bclara.eleves.mediamatique.ch/wordpress/#/schema/logo/image/"}}]}</script>
<!-- / Yoast SEO plugin. -->

Association Musique &amp; Danse de Cormeilles L’Association Musique &amp; Danse de Cormeilles propose des cours depuis 1985. Elle a démarré dans l&rsquo;ancienne bibliothèque de Cormeilles avec des cours de piano et de guitare pendant plusieurs années, ensuite un cours de danse s&rsquo;est&nbsp;créé&#8230; Puis l&rsquo;école a déménagé dans le théâtre de Cormeilles et les différents cours [&hellip;]
