{"id":739,"date":"2026-03-12T10:17:42","date_gmt":"2026-03-12T09:17:42","guid":{"rendered":"https:\/\/bclara.eleves.mediamatique.ch\/wordpress\/?page_id=739"},"modified":"2026-03-12T14:37:36","modified_gmt":"2026-03-12T13:37:36","slug":"actualitee","status":"publish","type":"page","link":"https:\/\/bclara.eleves.mediamatique.ch\/wordpress\/actualitee\/","title":{"rendered":"Actualit\u00e9e"},"content":{"rendered":"\t\t<div data-elementor-type=\"wp-page\" data-elementor-id=\"739\" class=\"elementor elementor-739\" data-elementor-post-type=\"page\">\n\t\t\t\t\t\t<div class=\"elementor-element elementor-element-b0ab229 e-con e-atomic-element e-div-block-base e-b0ab229-c9c2e12\" data-id=\"b0ab229\" data-element_type=\"e-div-block\" data-e-type=\"e-div-block\" data-e-type=\"e-div-block\" data-id=\"b0ab229\">\n\t\t\t\t<\/div>\n\t\t\t\t<div class=\"elementor-element elementor-element-16d242c e-con e-atomic-element e-div-block-base\" data-id=\"16d242c\" data-element_type=\"e-div-block\" data-e-type=\"e-div-block\" data-e-type=\"e-div-block\" data-id=\"16d242c\">\n\t\t\t\t\t\t\t<h2 \n\t\tdata-interaction-id=\"5cf3665\" \n\t\tclass=\"e-5cf3665-ae12c1e e-heading-base\" \n\t\t \n\t\tdata-e-type=\"widget\" data-id=\"5cf3665\"\n\t\t\t>\n\t\n\t\t\tLes actualit\u00e9s\n\t\t<\/h2>\n\t\t\t\t<\/div>\n\t\t\t\t<div class=\"elementor-element elementor-element-e7720ce e-con e-atomic-element e-div-block-base\" data-id=\"e7720ce\" data-element_type=\"e-div-block\" data-e-type=\"e-div-block\" data-e-type=\"e-div-block\" data-id=\"e7720ce\">\n\t\t\t\t\t\t\t<h2 \n\t\tdata-interaction-id=\"95f0121\" \n\t\tclass=\"e-95f0121-1f1f7ef e-heading-base\" \n\t\t \n\t\tdata-e-type=\"widget\" data-id=\"95f0121\"\n\t\t    data-interactions=\"&#x5B;&quot;load-scale-in--500-300-0-viewport-15-85&quot;&#x5D;\"\n\t>\n\t\n\t\t\tSpectacle de fin d'ann\u00e9e samedi 13 juin 2026 \u00e0 20h30 au th\u00e9\u00e2tre de Cormeilles.&nbsp;Entr\u00e9e gratuite.\n\t\t<\/h2>\n\t\t\t\t<\/div>\n\t\t\t\t<\/div>\n\t\t","protected":false},"excerpt":{"rendered":"<p>Les actualit\u00e9s Spectacle de fin d&rsquo;ann\u00e9e samedi 13 juin 2026 \u00e0 20h30 au th\u00e9\u00e2tre de Cormeilles.&nbsp;Entr\u00e9e gratuite.<\/p>\n","protected":false},"author":1,"featured_media":0,"parent":0,"menu_order":0,"comment_status":"closed","ping_status":"closed","template":"","meta":{"footnotes":""},"class_list":["post-739","page","type-page","status-publish","hentry"],"yoast_head":"<!-- This site is optimized with the Yoast SEO plugin v27.1.1 - https:\/\/yoast.com\/product\/yoast-seo-wordpress\/ -->\n<title>Actualit\u00e9e - Exercice Wordpress<\/title>\n<meta name=\"robots\" content=\"noindex, follow, max-snippet:-1, max-image-preview:large, max-video-preview:-1\" \/>\n<meta property=\"og:locale\" content=\"fr_FR\" \/>\n<meta property=\"og:type\" content=\"article\" \/>\n<meta property=\"og:title\" content=\"Actualit\u00e9e - Exercice Wordpress\" \/>\n<meta property=\"og:description\" content=\"Les actualit\u00e9s Spectacle de fin d&rsquo;ann\u00e9e samedi 13 juin 2026 \u00e0 20h30 au th\u00e9\u00e2tre de Cormeilles.&nbsp;Entr\u00e9e gratuite.\" \/>\n<meta property=\"og:url\" content=\"https:\/\/bclara.eleves.mediamatique.ch\/wordpress\/actualitee\/\" \/>\n<meta property=\"og:site_name\" content=\"Exercice Wordpress\" \/>\n<meta property=\"article:modified_time\" content=\"2026-03-12T13:37:36+00:00\" \/>\n<meta name=\"twitter:card\" content=\"summary_large_image\" \/>\n<script type=\"application\/ld+json\" class=\"yoast-schema-graph\">{\"@context\":\"https:\/\/schema.org\",\"@graph\":[{\"@type\":\"WebPage\",\"@id\":\"https:\/\/bclara.eleves.mediamatique.ch\/wordpress\/actualitee\/\",\"url\":\"https:\/\/bclara.eleves.mediamatique.ch\/wordpress\/actualitee\/\",\"name\":\"Actualit\u00e9e - Exercice Wordpress\",\"isPartOf\":{\"@id\":\"https:\/\/bclara.eleves.mediamatique.ch\/wordpress\/#website\"},\"datePublished\":\"2026-03-12T09:17:42+00:00\",\"dateModified\":\"2026-03-12T13:37:36+00:00\",\"breadcrumb\":{\"@id\":\"https:\/\/bclara.eleves.mediamatique.ch\/wordpress\/actualitee\/#breadcrumb\"},\"inLanguage\":\"fr-FR\",\"potentialAction\":[{\"@type\":\"ReadAction\",\"target\":[\"https:\/\/bclara.eleves.mediamatique.ch\/wordpress\/actualitee\/\"]}]},{\"@type\":\"BreadcrumbList\",\"@id\":\"https:\/\/bclara.eleves.mediamatique.ch\/wordpress\/actualitee\/#breadcrumb\",\"itemListElement\":[{\"@type\":\"ListItem\",\"position\":1,\"name\":\"Accueil\",\"item\":\"https:\/\/bclara.eleves.mediamatique.ch\/wordpress\/\"},{\"@type\":\"ListItem\",\"position\":2,\"name\":\"Actualit\u00e9e\"}]},{\"@type\":\"WebSite\",\"@id\":\"https:\/\/bclara.eleves.mediamatique.ch\/wordpress\/#website\",\"url\":\"https:\/\/bclara.eleves.mediamatique.ch\/wordpress\/\",\"name\":\"Association Musique et danse Cormeilles\",\"description\":\"\",\"publisher\":{\"@id\":\"https:\/\/bclara.eleves.mediamatique.ch\/wordpress\/#organization\"},\"potentialAction\":[{\"@type\":\"SearchAction\",\"target\":{\"@type\":\"EntryPoint\",\"urlTemplate\":\"https:\/\/bclara.eleves.mediamatique.ch\/wordpress\/?s={search_term_string}\"},\"query-input\":{\"@type\":\"PropertyValueSpecification\",\"valueRequired\":true,\"valueName\":\"search_term_string\"}}],\"inLanguage\":\"fr-FR\"},{\"@type\":\"Organization\",\"@id\":\"https:\/\/bclara.eleves.mediamatique.ch\/wordpress\/#organization\",\"name\":\"Association Musique et danse Cormeilles\",\"url\":\"https:\/\/bclara.eleves.mediamatique.ch\/wordpress\/\",\"logo\":{\"@type\":\"ImageObject\",\"inLanguage\":\"fr-FR\",\"@id\":\"https:\/\/bclara.eleves.mediamatique.ch\/wordpress\/#\/schema\/logo\/image\/\",\"url\":\"https:\/\/bclara.eleves.mediamatique.ch\/wordpress\/wp-content\/uploads\/2026\/03\/logo-Cormeilles-couleurs-13.png\",\"contentUrl\":\"https:\/\/bclara.eleves.mediamatique.ch\/wordpress\/wp-content\/uploads\/2026\/03\/logo-Cormeilles-couleurs-13.png\",\"width\":1712,\"height\":1912,\"caption\":\"Association Musique et danse Cormeilles\"},\"image\":{\"@id\":\"https:\/\/bclara.eleves.mediamatique.ch\/wordpress\/#\/schema\/logo\/image\/\"}}]}<\/script>\n<!-- \/ Yoast SEO plugin. -->","yoast_head_json":{"title":"Actualit\u00e9e - Exercice Wordpress","robots":{"index":"noindex","follow":"follow","max-snippet":"max-snippet:-1","max-image-preview":"max-image-preview:large","max-video-preview":"max-video-preview:-1"},"og_locale":"fr_FR","og_type":"article","og_title":"Actualit\u00e9e - Exercice Wordpress","og_description":"Les actualit\u00e9s Spectacle de fin d&rsquo;ann\u00e9e samedi 13 juin 2026 \u00e0 20h30 au th\u00e9\u00e2tre de Cormeilles.&nbsp;Entr\u00e9e gratuite.","og_url":"https:\/\/bclara.eleves.mediamatique.ch\/wordpress\/actualitee\/","og_site_name":"Exercice Wordpress","article_modified_time":"2026-03-12T13:37:36+00:00","twitter_card":"summary_large_image","schema":{"@context":"https:\/\/schema.org","@graph":[{"@type":"WebPage","@id":"https:\/\/bclara.eleves.mediamatique.ch\/wordpress\/actualitee\/","url":"https:\/\/bclara.eleves.mediamatique.ch\/wordpress\/actualitee\/","name":"Actualit\u00e9e - Exercice Wordpress","isPartOf":{"@id":"https:\/\/bclara.eleves.mediamatique.ch\/wordpress\/#website"},"datePublished":"2026-03-12T09:17:42+00:00","dateModified":"2026-03-12T13:37:36+00:00","breadcrumb":{"@id":"https:\/\/bclara.eleves.mediamatique.ch\/wordpress\/actualitee\/#breadcrumb"},"inLanguage":"fr-FR","potentialAction":[{"@type":"ReadAction","target":["https:\/\/bclara.eleves.mediamatique.ch\/wordpress\/actualitee\/"]}]},{"@type":"BreadcrumbList","@id":"https:\/\/bclara.eleves.mediamatique.ch\/wordpress\/actualitee\/#breadcrumb","itemListElement":[{"@type":"ListItem","position":1,"name":"Accueil","item":"https:\/\/bclara.eleves.mediamatique.ch\/wordpress\/"},{"@type":"ListItem","position":2,"name":"Actualit\u00e9e"}]},{"@type":"WebSite","@id":"https:\/\/bclara.eleves.mediamatique.ch\/wordpress\/#website","url":"https:\/\/bclara.eleves.mediamatique.ch\/wordpress\/","name":"Association Musique et danse Cormeilles","description":"","publisher":{"@id":"https:\/\/bclara.eleves.mediamatique.ch\/wordpress\/#organization"},"potentialAction":[{"@type":"SearchAction","target":{"@type":"EntryPoint","urlTemplate":"https:\/\/bclara.eleves.mediamatique.ch\/wordpress\/?s={search_term_string}"},"query-input":{"@type":"PropertyValueSpecification","valueRequired":true,"valueName":"search_term_string"}}],"inLanguage":"fr-FR"},{"@type":"Organization","@id":"https:\/\/bclara.eleves.mediamatique.ch\/wordpress\/#organization","name":"Association Musique et danse Cormeilles","url":"https:\/\/bclara.eleves.mediamatique.ch\/wordpress\/","logo":{"@type":"ImageObject","inLanguage":"fr-FR","@id":"https:\/\/bclara.eleves.mediamatique.ch\/wordpress\/#\/schema\/logo\/image\/","url":"https:\/\/bclara.eleves.mediamatique.ch\/wordpress\/wp-content\/uploads\/2026\/03\/logo-Cormeilles-couleurs-13.png","contentUrl":"https:\/\/bclara.eleves.mediamatique.ch\/wordpress\/wp-content\/uploads\/2026\/03\/logo-Cormeilles-couleurs-13.png","width":1712,"height":1912,"caption":"Association Musique et danse Cormeilles"},"image":{"@id":"https:\/\/bclara.eleves.mediamatique.ch\/wordpress\/#\/schema\/logo\/image\/"}}]}},"_links":{"self":[{"href":"https:\/\/bclara.eleves.mediamatique.ch\/wordpress\/wp-json\/wp\/v2\/pages\/739","targetHints":{"allow":["GET"]}}],"collection":[{"href":"https:\/\/bclara.eleves.mediamatique.ch\/wordpress\/wp-json\/wp\/v2\/pages"}],"about":[{"href":"https:\/\/bclara.eleves.mediamatique.ch\/wordpress\/wp-json\/wp\/v2\/types\/page"}],"author":[{"embeddable":true,"href":"https:\/\/bclara.eleves.mediamatique.ch\/wordpress\/wp-json\/wp\/v2\/users\/1"}],"replies":[{"embeddable":true,"href":"https:\/\/bclara.eleves.mediamatique.ch\/wordpress\/wp-json\/wp\/v2\/comments?post=739"}],"version-history":[{"count":32,"href":"https:\/\/bclara.eleves.mediamatique.ch\/wordpress\/wp-json\/wp\/v2\/pages\/739\/revisions"}],"predecessor-version":[{"id":883,"href":"https:\/\/bclara.eleves.mediamatique.ch\/wordpress\/wp-json\/wp\/v2\/pages\/739\/revisions\/883"}],"wp:attachment":[{"href":"https:\/\/bclara.eleves.mediamatique.ch\/wordpress\/wp-json\/wp\/v2\/media?parent=739"}],"curies":[{"name":"wp","href":"https:\/\/api.w.org\/{rel}","templated":true}]}}